{"id":6,"date":"2018-02-24T19:22:54","date_gmt":"2018-02-24T19:22:54","guid":{"rendered":"http:\/\/www.educationforall.ro\/?page_id=6"},"modified":"2018-02-24T19:35:03","modified_gmt":"2018-02-24T19:35:03","slug":"termeni-si-conditii","status":"publish","type":"page","link":"http:\/\/www.educationforall.ro\/index.php\/termeni-si-conditii\/","title":{"rendered":"Termeni si Conditii"},"content":{"rendered":"<div class=\"container\">\n<div class=\"row\">\n<div class=\"col-sm-8 col-sm-offset-2\">\n<h2 style=\"text-align: center;\">Termeni si Conditii<\/h2>\n<h3><\/h3>\n<h3 style=\"text-align: center;\"><img decoding=\"async\" loading=\"lazy\" class=\"aligncenter wp-image-5 size-thumbnail\" src=\"http:\/\/www.educationforall.ro\/wp-content\/uploads\/2018\/02\/Infinity-Loop@2x-150x150.png\" alt=\"\" width=\"150\" height=\"150\" srcset=\"http:\/\/www.educationforall.ro\/wp-content\/uploads\/2018\/02\/Infinity-Loop@2x-150x150.png 150w, http:\/\/www.educationforall.ro\/wp-content\/uploads\/2018\/02\/Infinity-Loop@2x.png 200w\" sizes=\"(max-width: 150px) 100vw, 150px\" \/><\/h3>\n<h3><\/h3>\n<h3 style=\"text-align: center;\">1. Utilizarea site-ului:<\/h3>\n<p>Accesarea si vizualizarea site-ului educationforall.ro implica cunoasterea si acceptarea termenilor si conditiilor asa cum acestea sunt expuse in prezentul document, in cea mai recenta forma a sa.<br \/>\nUtilizarea prezentului site, implica acceptarea si respectarea in totalitate si fara rezerve a termenilor si conditiilor, cu toate efectele juridice ce decurg din aceasta.<br \/>\nSite-ul educationforall.ro este creat, administrat si detinut de catre Fundatia Education For All.<br \/>\nAdministratorul site-ului, Fundatia Education For All isi rezerva dreptul de a modifica in orice moment continutul acestor termeni si conditii, indiferent de motiv, fara notificarea prealabila. Vizitatorii vor avea acces permanent la termeni si conditii, in timp util. Continuarea folosirii site-ului implica acceptarea tacita a modificarilor efectuate, indiferent de natura acestora.<br \/>\nPentru folosirea in cele mai bune conditii a site-ului se recomanda citirea cu atentie a tuturor termenilor si conditiilor.<br \/>\nIn cazul in care nu acceptati termenii si conditiile prezentate, va rugam sa nu utilizati acest site.<br \/>\nDenumim \u201esite\u201d, site-ul numit educationforall.ro<\/p>\n<h3 style=\"text-align: center;\">2. Continutul site-ului \u2013 drepturile de proprietate intelectuala si securitatea:<\/h3>\n<p>Site-ul si tot ceea ce este afisat pe acesta, incluzand fara limitare, toate textele, imaginile, informatiile, informatiile transmise prin e-mail-uri utilizatorilor, etc. denumite in continuare \u201cContinut\u201d sunt in proprietatea si sub dreptul de autor al Fundatia Education For All, cu exceptia cazului in care nu este altfel specificat. Este strict interzisa folosirea oricarui element din Continutul site-ului, atunci cand aceasta folosire aduce atingere, in orice fel, elementelor de proprietate intelectuala asupra acestuia (elemente din continut sunt folosite ca logo-uri, marci, embleme etc, enumerarea nu este limitativa), fara acordul prealabil, manifestat in scris si expres, de catre proprietar. Va informam ca Fundatia Education For All isi va asigura si impune in mod hotarat recunoasterea drepturilor de proprietate intelectuala in conformitate cu legile in vigoare, ajungand daca este cazul la actionarea in instanta a celor vinovati de incalcarea dreptului de proprietate intelectuala, cu plata intregului prejudiciu produs, atat a celui efectiv cat si a celui nerealizat.<br \/>\nIn consecinta, Continutul acestui site nu poate fi utilizat, reprodus, distribuit, transmis, expus, in alte scopuri decat cele expres si legal permise. Extragerea oricaror informatii, urmata de orice utilizare in scop comercial, care depaseste sfera copiei private sau pentru vanzare, constituie o incalcare a termenilor si conditiilor.<br \/>\nSunteti de asemenea de acord sa nu afectati si sa nu interferati in vreun fel cu elementele de securitate ale site-ului, cu elementele care previn sau restrictioneaza utilizarea, copierea unui continut sau cu elementele care intaresc limitele de utilizare si securitate ale site-ului sau ale continutului acestuia.<br \/>\nFolosirea, modificarea, distrugerea site-ului sau a serverului ce-l gazduieste constituie infractiune si se pedepseste ca atare.<br \/>\nEventualele marci inregistrate ale altor societati comerciale, mentionate in acest site sunt utilizate exclusiv in scop de informare si nu ca reclama.<\/p>\n<h3 style=\"text-align: center;\">3. Confidentialitatea:<\/h3>\n<p>Datele personale ale fiecarui Utilizator sunt confidentiale si vor fi folosite de catre Fundatia Education For All numai in scopul declarat al acestui site, cu respectarea dispozitiilor Legii nr. 677\/2001 pentru protectia persoanelor cu privire la prelucrarea datelor cu caracter personal si libera circulatie a acestor date. C Fundatia Education For All este operator de date cu caracter personal, inregistrat la Autoritatea Na\u0163ional\u0103 de Supraveghere a Prelucr\u0103rii Datelor cu Caracter Personal sub nr. si respecta in toate actiunile sale prevederile Legii 677\/2001.<br \/>\nConform cerin\u0163elor Legii nr. 677\/2001 pentru protec\u0163ia persoanelor cu privire la prelucrarea datelor cu caracter personal \u015fi libera circula\u0163ie a acestor date, modificat\u0103 \u015fi completat\u0103 \u015fi ale Legii nr. 506\/2004 privind prelucrarea datelor cu caracter personal \u015fi protec\u0163ia vie\u0163ii private \u00een sectorul comunica\u0163iilor electronice Fundatia Education For All are obliga\u0163ia de a administra \u00een condi\u0163ii de siguran\u0163\u0103 \u015fi numai pentru scopurile specificate, datele personale pe care ni le furniza\u0163i despre dumneavoastr\u0103, un membru al familiei dumneavoastr\u0103 ori o alt\u0103 persoan\u0103. Scopul colect\u0103rii datelor este pentru participarea la programele educationale ale Fundatiei Education For All. Sunte\u0163i obligat(\u0103) s\u0103 furniza\u0163i datele, acestea fiind necesare pentru personalizarea programelor educationale. Refuzul dvs. determin\u0103 imposibilitatea participrii la programele educationale ale Fundatiei Education For All. Informa\u0163iile \u00eenregistrate sunt destinate utiliz\u0103rii exclusive de c\u0103tre operator.<br \/>\nConform Legii nr. 677\/2001, beneficia\u0163i de dreptul de acces, de interven\u0163ie asupra datelor, dreptul de a nu fi supus unei decizii individuale \u015fi dreptul de a v\u0103 adresa justi\u0163iei. Totodat\u0103, ave\u0163i dreptul s\u0103 v\u0103 opune\u0163i prelucr\u0103rii datelor personale care v\u0103 privesc \u015fi s\u0103 solicita\u0163i \u015ftergerea datelor.<br \/>\nPentru exercitarea acestor drepturi, v\u0103 pute\u0163i adresa cu o cerere scris\u0103, datat\u0103 \u015fi semnat\u0103 la Fundatia Education For All, Str. Garlei 90C, Sector 1, Bucuresti.<br \/>\nFundatia Education For All nu isi asuma responsabilitatea pentru pierderile de informatii datorate erorilor produselor software sau eventualelor probleme de securitate ale serverului ce gazduieste site-ul nostru.<br \/>\nOrice incercare de accesare a datelor personale ale utilizatorilor site-ului constituie infractiune si se pedepseste ca atare.<br \/>\nPentru imbunatatirea serviciilor oferite de catre site-ul educationforall.ro se folosesc cookie-uri. Continuarea accesarii site-ului reprezinta acceptul dumneavoastra pentru utilizarea cookie-urilor.<\/p>\n<\/div>\n<\/div>\n<\/div>\n<div class=\"container\">\n<div class=\"row\">\n<div class=\"col-sm-8 col-sm-offset-2\">\n<h3 style=\"text-align: center;\">4. Corectarea informatiilor eronate:<\/h3>\n<p>Ne rezervam dreptul de a corecta eventuale omisiuni si\/sau erori in afisare care pot surveni in urma unor greseli de dactilografiere, neglijenta in reproducerea textului de prezentare, lipsa de acuratete sau erori ale produselor software, fara a anunta in prealabil.<br \/>\nIn cazul in care aveti neclaritati sa ne contactati cu incredere la adresa de email office@educationforall.ro .<\/p>\n<h3 style=\"text-align: center;\">5. Legislatie aplicabila, litigii si jurisdictie:<\/h3>\n<p>Prin folosirea site-ului educationforall.ro, utilizatorul declara ca este de acord cu faptul ca legile romane vor guverna termenii si conditiile de utilizare precum si orice litigiu, de orice fel, care ar putea sa apara intre utilizatori si administratorul site-ului sau asociatii\/partenerii\/afiliatii acestuia.<br \/>\nIn cazul unor eventuale conflicte se va incerca mai intai rezolvarea acestora pe cale amiabila, iar daca rezolvarea pe cale amiabila nu va fi posibila, conflictul va fi solutionat de instanta competenta, de la sediul social al administratorului siteului, in conformitate cu legile romane in vigoare.<\/p>\n<h3 style=\"text-align: center;\">6. Forta majora:<\/h3>\n<p>Niciuna dintre partile contractante nu raspunde de neexecutarea la termen sau\/si de executarea in mod necorespunzator \u2013 total sau partial \u2013 a oricarei obligatii care ii revine in baza contractului incheiat conform termenilor si conditiilor prezentate pe acest site, daca neexecutarea sau executarea necorespunzatoare a obligatiei respective a fost cauzata de forta majora asa cum aceasta este definita de lege.<br \/>\nPartea care invoca forta majora este obligata sa notifice celeilalte parti, in termen de maxim 3 zile, producerea evenimentului si sa ia toate masurile posibile in vederea limitarii consecintelor lui. Daca in termen de 30 de zile de la producere, evenimentul respectiv nu inceteaza, partile au dreptul sa-si notifice incetarea de plin drept a prezentului contract fara ca vreuna dintre ele sa pretinda daune interese.<\/p>\n<h3 style=\"text-align: center;\">7. Dispozitii finale:<\/h3>\n<p>Fundatia Education For All isi rezerva dreptul de a modifica structura si interfata oricarei pagini sau subpagini a site-ului, in orice moment si la orice interval de timp, liber ales, avand dreptul de a intrerupe temporar sau permanent, partial sau in totalitate serviciile puse la dispozitia Utilizatorilor, prin intermediul acestui site, fara vreo notificare prealabila individuala sau generala.<br \/>\nPentru orice informatie, nelamurire, intrebare in legatura cu termenii si conditiile de utilizare, nu ezitati sa ne contactati la adresa de mail: office@educationforall.ro.<br \/>\nDaca oricare dintre clauzele de mai sus va fi gasita nula sau invalida, indiferent de cauza, aceasta clauza nu va afecta valabilitatea celorlalte clauze. Odata cu utilizarea prezentului site si lansarea comenzii, Utilizatorul accepta fara obiectii, conditiile si termenii de utilizare, valoarea acestora fiind aceeasi cu a unui contract valabil incheiat intre parti.<br \/>\nTermenii si conditiile asa cum acestia sunt expusi in acest document, inlocuiesc orice alte intelegeri anterioare scrise sau verbale, referitoare la obiectul contractului incheiat intre parti, la distanta.<\/p>\n<\/div>\n<\/div>\n<\/div>\n","protected":false},"excerpt":{"rendered":"<p>Termeni si Conditii 1. Utilizarea site-ului: Accesarea si vizualizarea site-ului educationforall.ro implica cunoasterea si acceptarea termenilor si conditiilor asa cum acestea sunt expuse in prezentul document, in cea mai recenta forma a sa. Utilizarea prezentului site, implica acceptarea si respectarea in totalitate si fara rezerve a termenilor si conditiilor, cu toate efectele juridice ce decurg [&hellip;]<\/p>\n","protected":false},"author":1,"featured_media":0,"parent":0,"menu_order":0,"comment_status":"closed","ping_status":"closed","template":"","meta":[],"_links":{"self":[{"href":"http:\/\/www.educationforall.ro\/index.php\/wp-json\/wp\/v2\/pages\/6"}],"collection":[{"href":"http:\/\/www.educationforall.ro\/index.php\/wp-json\/wp\/v2\/pages"}],"about":[{"href":"http:\/\/www.educationforall.ro\/index.php\/wp-json\/wp\/v2\/types\/page"}],"author":[{"embeddable":true,"href":"http:\/\/www.educationforall.ro\/index.php\/wp-json\/wp\/v2\/users\/1"}],"replies":[{"embeddable":true,"href":"http:\/\/www.educationforall.ro\/index.php\/wp-json\/wp\/v2\/comments?post=6"}],"version-history":[{"count":4,"href":"http:\/\/www.educationforall.ro\/index.php\/wp-json\/wp\/v2\/pages\/6\/revisions"}],"predecessor-version":[{"id":14,"href":"http:\/\/www.educationforall.ro\/index.php\/wp-json\/wp\/v2\/pages\/6\/revisions\/14"}],"wp:attachment":[{"href":"http:\/\/www.educationforall.ro\/index.php\/wp-json\/wp\/v2\/media?parent=6"}],"curies":[{"name":"wp","href":"https:\/\/api.w.org\/{rel}","templated":true}]}}